test common factor of 3380 and 90.
10
What is the greatest common factor of 50122 and 19?
19
What is the highest common divisor of 14040 and 720?
360
What is the greatest common factor of 83475 and 1275?
75
What is the highest common divisor of 782 and 55292?
46
What is the highest common factor of 708576 and 160?
32
Calculate the highest common factor of 880 and 26580.
20
Calculate the highest common divisor of 2738 and 20.
2
Calculate the highest common factor of 120 and 926050.
10
What is the highest common factor of 127 and 496697?
127
Calculate the highest common factor of 28 and 1356964.
28
What is the highest common factor of 1263 and 4791?
3
What is the highest common factor of 422 and 2343788?
422
What is the greatest common divisor of 512547 and 105?
21
Calculate the highest common divisor of 16140 and 260.
20
Calculate the highest common factor of 1134 and 10752.
42
Calculate the highest common factor of 324090 and 72.
18
What is the greatest common divisor of 418853 and 23?
23
What is the highest common factor of 1033375 and 665?
35
What is the greatest common divisor of 127 and 2686939?
127
What is the greatest common divisor of 200 and 293950?
50
What is the greatest common factor of 5 and 52385?
5
Calculate the highest common divisor of 3591 and 3339.
63
What is the greatest common divisor of 59158 and 66?
22
What is the highest common divisor of 12 and 13004?
4
Calculate the greatest common factor of 12745 and 20.
5
Calculate the greatest common factor of 56023 and 12342.
121
What is the highest common factor of 715 and 73315?
55
What is the highest common factor of 1273 and 475?
19
What is the greatest common factor of 132 and 25674?
66
Calculate the highest common factor of 2288172 and 1116.
372
Calculate the greatest common divisor of 60173 and 19.
19
Calculate the highest common factor of 472 and 161896.
472
Calculate the highest common divisor of 6 and 1982334.
6
What is the highest common divisor of 5287 and 3893?
17
What is the greatest common divisor of 2050 and 342965?
205
Calculate the highest common factor of 503390 and 1420.
710
Calculate the highest common factor of 20460 and 2945.
155
Calculate the highest common divisor of 418 and 1527486.
38
Calculate the greatest common factor of 616 and 61138.
154
What is the greatest common divisor of 16 and 6323?
1
Calculate the highest common divisor of 13 and 3193853.
13
What is the highest common divisor of 1841 and 1855?
7
Calculate the highest common factor of 27 and 624186.
27
Calculate the highest common divisor of 2322828 and 226.
226
Calculate the highest common factor of 52 and 1580358.
26
What is the greatest common divisor of 8320 and 1430?
130
What is the greatest common factor of 13908 and 438?
6
What is the highest common divisor of 492 and 10742?
82
Calculate the highest common divisor of 1310745 and 30.
15
What is the greatest common factor of 7761579 and 3843?
1281
Calculate the highest common divisor of 3906 and 336.
42
What is the greatest common divisor of 28685134 and 802?
802
Calculate the highest common divisor of 358 and 192246.
358
What is the greatest common factor of 45 and 483237?
9
Calculate the highest common factor of 3080 and 520960.
440
What is the highest common factor of 7077567 and 477?
159
What is the greatest common divisor of 114133 and 76?
19
What is the highest common factor of 1170 and 93483?
117
Calculate the greatest common factor of 43092 and 9044.
532
What is the greatest common factor of 3056 and 24?
8
What is the highest common divisor of 15370 and 1160?
290
What is the highest common divisor of 8602 and 594?
22
What is the highest common divisor of 1215 and 407754?
243
What is the highest common factor of 27064 and 408?
136
Calculate the highest common factor of 220 and 308110.
110
Calculate the greatest common factor of 26 and 687674.
26
Calculate the greatest common factor of 3669450 and 153.
51
What is the greatest common factor of 4074 and 652519?
679
Calculate the highest common factor of 44 and 3884.
4
What is the greatest common factor of 1166932 and 52?
52
Calculate the greatest common factor of 109306 and 1.
1
Calculate the highest common factor of 43300 and 615.
5
What is the greatest common divisor of 2027720 and 20?
20
What is the greatest common divisor of 1280 and 14150?
10
What is the greatest common factor of 3439 and 30571?
19
What is the highest common factor of 32210 and 10?
10
What is the highest common divisor of 1507 and 15521?
11
Calculate the highest common factor of 37752 and 2964.
156
Calculate the highest common factor of 500 and 1520.
20
What is the highest common factor of 73 and 32339?
73
Calculate the highest common divisor of 4505 and 212.
53
What is the highest common factor of 55186 and 287?
41
Calculate the highest common divisor of 481977 and 27.
27
Calculate the greatest common divisor of 11 and 2402686.
11
What is the greatest common divisor of 742 and 13144?
106
What is the highest common divisor of 273 and 48711?
39
Calculate the greatest common factor of 7214 and 250.
2
Calculate the highest common factor of 28362 and 1304.
326
Calculate the greatest common divisor of 1808 and 50398.
226
Calculate the greatest common factor of 61049 and 123.
41
What is the greatest common factor of 33 and 19239?
33
What is the greatest common divisor of 2196 and 1422?
18
Calculate the highest common factor of 2478 and 6.
6
What is the greatest common factor of 6145 and 95?
5
What is the greatest common factor of 106490 and 2530?
230
What is the greatest common divisor of 174556 and 17?
17
What is the greatest common divisor of 910 and 36610?
70
What is the highest common divisor of 52075 and 50?
25
Calculate the greatest common factor of 462 and 1617.
231
What is the greatest common factor of 3920 and 10960?
80
What is the greatest common divisor of 375204 and 24?
12
Calculate the highest common factor of 378 and 1158759.
189
Calculate the highest common divisor of 98 and 1437240.
14
Calculate the highest common divisor of 77 and 7975.
11
What is the highest common factor of 1848 and 4080846?
462
What is the greatest common factor of 12461112 and 456?
456
Calculate the highest common divisor of 14012 and 5085.
113
What is the highest common divisor of 483 and 40986?
69
Calculate the greatest common divisor of 160 and 66160.
80
Calculate the highest common factor of 1 and 69274.
1
What is the greatest common divisor of 988866 and 234?
18
What is the greatest common factor of 4324 and 644?
92
What is the greatest common factor of 6919 and 935?
187
What is the greatest common divisor of 6 and 4375?
1
What is the greatest common divisor of 4635 and 1?
1
What is the greatest common factor of 814 and 92389?
407
Calculate the highest common divisor of 95792 and 176.
16
Calculate the highest common divisor of 32750 and 786.
262
What is the greatest common factor of 13034 and 8246?
266
Calculate the highest common factor of 208811 and 173.
173
Calculate the greatest common divisor of 984213 and 9.
9
Calculate the greatest common factor of 5112 and 160.
8
Calculate the highest common divisor of 6 and 172335.
3
Calculate the greatest common factor of 33 and 140162.
11
What is the highest common divisor of 16014 and 6834?
102
What is the highest common divisor of 29636 and 44516?
124
Calculate the highest common divisor of 39995 and 342.
19
Calculate the greatest common factor of 1315 and 10065.
5
Calculate the highest common factor of 537 and 28282.
179
Calculate the highest common factor of 53604 and 18.
18
Calculate the greatest common factor of 508 and 188087.
127
Calculate the greatest common divisor of 37980 and 600.
60
What is the greatest common divisor of 138 and 432906?
138
What is the highest common factor of 5936 and 3927936?
848
Calculate the highest common factor of 6517927 and 39.
13
What is the greatest common divisor of 2907 and 43947?
171
Calculate the highest common divisor of 1490 and 370.
10
Calculate the highest common divisor of 34114 and 1184.
74
Calculate the highest common divisor of 261 and 16893.
9
What is the greatest common divisor of 7 and 306607?
7
Calculate the highest common factor of 119828 and 58.
58
What is the greatest common factor of 1716 and 26829?
33
Calculate the gre